{"id":4579,"date":"2016-01-12T10:01:59","date_gmt":"2016-01-12T10:01:59","guid":{"rendered":"https:\/\/lni11062011.es\/damira\/?page_id=4579"},"modified":"2025-06-05T07:04:38","modified_gmt":"2025-06-05T07:04:38","slug":"6-9-meses","status":"publish","type":"page","link":"https:\/\/lni11062011.es\/damira\/bebe\/6-9-meses\/","title":{"rendered":"6-9 meses"},"content":{"rendered":"","protected":false},"excerpt":{"rendered":"","protected":false},"author":1,"featured_media":0,"parent":17217,"menu_order":0,"comment_status":"open","ping_status":"closed","template":"","meta":{"rs_blank_template":"","rs_page_bg_color":"","slide_template_v7":"","footnotes":""},"class_list":["post-4579","page","type-page","status-publish","hentry"],"yoast_head":"<!-- This site is optimized with the Yoast SEO plugin v27.3 - https:\/\/yoast.com\/product\/yoast-seo-wordpress\/ -->\n<title>Etapa de 6 a 9 meses de crecimiento, \u00a1c\u00f3mo ha cambiado!<\/title>\n<meta name=\"description\" content=\"En esta etapa su evoluci\u00f3n es mucho m\u00e1s visible, lo ver\u00e1s mientras juegas con \u00e9l y...a los 9 meses ya se sienta sin ayudarse con las manos, \u00a1fant\u00e1stico!\" \/>\n<meta name=\"robots\" content=\"index, follow, max-snippet:-1, max-image-preview:large, max-video-preview:-1\" \/>\n<link rel=\"canonical\" href=\"https:\/\/lni11062011.es\/damira\/bebe\/6-9-meses\/\" \/>\n<meta property=\"og:locale\" content=\"es_ES\" \/>\n<meta property=\"og:type\" content=\"article\" \/>\n<meta property=\"og:title\" content=\"Etapa de 6 a 9 meses de crecimiento, \u00a1c\u00f3mo ha cambiado!\" \/>\n<meta property=\"og:description\" content=\"En esta etapa su evoluci\u00f3n es mucho m\u00e1s visible, lo ver\u00e1s mientras juegas con \u00e9l y...a los 9 meses ya se sienta sin ayudarse con las manos, \u00a1fant\u00e1stico!\" \/>\n<meta property=\"og:url\" content=\"https:\/\/lni11062011.es\/damira\/bebe\/6-9-meses\/\" \/>\n<meta property=\"og:site_name\" content=\"Damira\" \/>\n<meta property=\"article:publisher\" content=\"https:\/\/facebook.com\/damira.nutricioninfantil\" \/>\n<meta property=\"article:modified_time\" content=\"2025-06-05T07:04:38+00:00\" \/>\n<meta name=\"twitter:card\" content=\"summary_large_image\" \/>\n<meta name=\"twitter:site\" content=\"@damiranutricion\" \/>\n<script type=\"application\/ld+json\" class=\"yoast-schema-graph\">{\"@context\":\"https:\\\/\\\/schema.org\",\"@graph\":[{\"@type\":\"WebPage\",\"@id\":\"https:\\\/\\\/lni11062011.es\\\/damira\\\/bebe\\\/6-9-meses\\\/\",\"url\":\"https:\\\/\\\/lni11062011.es\\\/damira\\\/bebe\\\/6-9-meses\\\/\",\"name\":\"Etapa de 6 a 9 meses de crecimiento, \u00a1c\u00f3mo ha cambiado!\",\"isPartOf\":{\"@id\":\"https:\\\/\\\/lni11062011.es\\\/damira\\\/#website\"},\"datePublished\":\"2016-01-12T10:01:59+00:00\",\"dateModified\":\"2025-06-05T07:04:38+00:00\",\"description\":\"En esta etapa su evoluci\u00f3n es mucho m\u00e1s visible, lo ver\u00e1s mientras juegas con \u00e9l y...a los 9 meses ya se sienta sin ayudarse con las manos, \u00a1fant\u00e1stico!\",\"breadcrumb\":{\"@id\":\"https:\\\/\\\/lni11062011.es\\\/damira\\\/bebe\\\/6-9-meses\\\/#breadcrumb\"},\"inLanguage\":\"es\",\"potentialAction\":[{\"@type\":\"ReadAction\",\"target\":[\"https:\\\/\\\/lni11062011.es\\\/damira\\\/bebe\\\/6-9-meses\\\/\"]}]},{\"@type\":\"BreadcrumbList\",\"@id\":\"https:\\\/\\\/lni11062011.es\\\/damira\\\/bebe\\\/6-9-meses\\\/#breadcrumb\",\"itemListElement\":[{\"@type\":\"ListItem\",\"position\":1,\"name\":\"Portada\",\"item\":\"https:\\\/\\\/lni11062011.es\\\/damira\\\/\"},{\"@type\":\"ListItem\",\"position\":2,\"name\":\"Beb\u00e9\",\"item\":\"https:\\\/\\\/lni11062011.es\\\/damira\\\/bebe\\\/\"},{\"@type\":\"ListItem\",\"position\":3,\"name\":\"6-9 meses\"}]},{\"@type\":\"WebSite\",\"@id\":\"https:\\\/\\\/lni11062011.es\\\/damira\\\/#website\",\"url\":\"https:\\\/\\\/lni11062011.es\\\/damira\\\/\",\"name\":\"Damira\",\"description\":\"Expertos en Nutrici\u00f3n Infantil, trabajamos una amplia gama en leches infantiles, papillas de cereales y galletas para ni\u00f1os.\",\"publisher\":{\"@id\":\"https:\\\/\\\/lni11062011.es\\\/damira\\\/#organization\"},\"potentialAction\":[{\"@type\":\"SearchAction\",\"target\":{\"@type\":\"EntryPoint\",\"urlTemplate\":\"https:\\\/\\\/lni11062011.es\\\/damira\\\/?s={search_term_string}\"},\"query-input\":{\"@type\":\"PropertyValueSpecification\",\"valueRequired\":true,\"valueName\":\"search_term_string\"}}],\"inLanguage\":\"es\"},{\"@type\":\"Organization\",\"@id\":\"https:\\\/\\\/lni11062011.es\\\/damira\\\/#organization\",\"name\":\"DAMIRA\",\"url\":\"https:\\\/\\\/lni11062011.es\\\/damira\\\/\",\"logo\":{\"@type\":\"ImageObject\",\"inLanguage\":\"es\",\"@id\":\"https:\\\/\\\/lni11062011.es\\\/damira\\\/#\\\/schema\\\/logo\\\/image\\\/\",\"url\":\"https:\\\/\\\/lni11062011.es\\\/damira\\\/wp-content\\\/uploads\\\/2018\\\/09\\\/Logo-Damira_home2.jpg\",\"contentUrl\":\"https:\\\/\\\/lni11062011.es\\\/damira\\\/wp-content\\\/uploads\\\/2018\\\/09\\\/Logo-Damira_home2.jpg\",\"width\":\"236\",\"height\":\"95\",\"caption\":\"DAMIRA\"},\"image\":{\"@id\":\"https:\\\/\\\/lni11062011.es\\\/damira\\\/#\\\/schema\\\/logo\\\/image\\\/\"},\"sameAs\":[\"https:\\\/\\\/facebook.com\\\/damira.nutricioninfantil\",\"https:\\\/\\\/x.com\\\/damiranutricion\",\"https:\\\/\\\/www.instagram.com\\\/damira.nutricioninfantil\"]}]}<\/script>\n<!-- \/ Yoast SEO plugin. -->","yoast_head_json":{"title":"Etapa de 6 a 9 meses de crecimiento, \u00a1c\u00f3mo ha cambiado!","description":"En esta etapa su evoluci\u00f3n es mucho m\u00e1s visible, lo ver\u00e1s mientras juegas con \u00e9l y...a los 9 meses ya se sienta sin ayudarse con las manos, \u00a1fant\u00e1stico!","robots":{"index":"index","follow":"follow","max-snippet":"max-snippet:-1","max-image-preview":"max-image-preview:large","max-video-preview":"max-video-preview:-1"},"canonical":"https:\/\/lni11062011.es\/damira\/bebe\/6-9-meses\/","og_locale":"es_ES","og_type":"article","og_title":"Etapa de 6 a 9 meses de crecimiento, \u00a1c\u00f3mo ha cambiado!","og_description":"En esta etapa su evoluci\u00f3n es mucho m\u00e1s visible, lo ver\u00e1s mientras juegas con \u00e9l y...a los 9 meses ya se sienta sin ayudarse con las manos, \u00a1fant\u00e1stico!","og_url":"https:\/\/lni11062011.es\/damira\/bebe\/6-9-meses\/","og_site_name":"Damira","article_publisher":"https:\/\/facebook.com\/damira.nutricioninfantil","article_modified_time":"2025-06-05T07:04:38+00:00","twitter_card":"summary_large_image","twitter_site":"@damiranutricion","schema":{"@context":"https:\/\/schema.org","@graph":[{"@type":"WebPage","@id":"https:\/\/lni11062011.es\/damira\/bebe\/6-9-meses\/","url":"https:\/\/lni11062011.es\/damira\/bebe\/6-9-meses\/","name":"Etapa de 6 a 9 meses de crecimiento, \u00a1c\u00f3mo ha cambiado!","isPartOf":{"@id":"https:\/\/lni11062011.es\/damira\/#website"},"datePublished":"2016-01-12T10:01:59+00:00","dateModified":"2025-06-05T07:04:38+00:00","description":"En esta etapa su evoluci\u00f3n es mucho m\u00e1s visible, lo ver\u00e1s mientras juegas con \u00e9l y...a los 9 meses ya se sienta sin ayudarse con las manos, \u00a1fant\u00e1stico!","breadcrumb":{"@id":"https:\/\/lni11062011.es\/damira\/bebe\/6-9-meses\/#breadcrumb"},"inLanguage":"es","potentialAction":[{"@type":"ReadAction","target":["https:\/\/lni11062011.es\/damira\/bebe\/6-9-meses\/"]}]},{"@type":"BreadcrumbList","@id":"https:\/\/lni11062011.es\/damira\/bebe\/6-9-meses\/#breadcrumb","itemListElement":[{"@type":"ListItem","position":1,"name":"Portada","item":"https:\/\/lni11062011.es\/damira\/"},{"@type":"ListItem","position":2,"name":"Beb\u00e9","item":"https:\/\/lni11062011.es\/damira\/bebe\/"},{"@type":"ListItem","position":3,"name":"6-9 meses"}]},{"@type":"WebSite","@id":"https:\/\/lni11062011.es\/damira\/#website","url":"https:\/\/lni11062011.es\/damira\/","name":"Damira","description":"Expertos en Nutrici\u00f3n Infantil, trabajamos una amplia gama en leches infantiles, papillas de cereales y galletas para ni\u00f1os.","publisher":{"@id":"https:\/\/lni11062011.es\/damira\/#organization"},"potentialAction":[{"@type":"SearchAction","target":{"@type":"EntryPoint","urlTemplate":"https:\/\/lni11062011.es\/damira\/?s={search_term_string}"},"query-input":{"@type":"PropertyValueSpecification","valueRequired":true,"valueName":"search_term_string"}}],"inLanguage":"es"},{"@type":"Organization","@id":"https:\/\/lni11062011.es\/damira\/#organization","name":"DAMIRA","url":"https:\/\/lni11062011.es\/damira\/","logo":{"@type":"ImageObject","inLanguage":"es","@id":"https:\/\/lni11062011.es\/damira\/#\/schema\/logo\/image\/","url":"https:\/\/lni11062011.es\/damira\/wp-content\/uploads\/2018\/09\/Logo-Damira_home2.jpg","contentUrl":"https:\/\/lni11062011.es\/damira\/wp-content\/uploads\/2018\/09\/Logo-Damira_home2.jpg","width":"236","height":"95","caption":"DAMIRA"},"image":{"@id":"https:\/\/lni11062011.es\/damira\/#\/schema\/logo\/image\/"},"sameAs":["https:\/\/facebook.com\/damira.nutricioninfantil","https:\/\/x.com\/damiranutricion","https:\/\/www.instagram.com\/damira.nutricioninfantil"]}]}},"_links":{"self":[{"href":"https:\/\/lni11062011.es\/damira\/wp-json\/wp\/v2\/pages\/4579","targetHints":{"allow":["GET"]}}],"collection":[{"href":"https:\/\/lni11062011.es\/damira\/wp-json\/wp\/v2\/pages"}],"about":[{"href":"https:\/\/lni11062011.es\/damira\/wp-json\/wp\/v2\/types\/page"}],"author":[{"embeddable":true,"href":"https:\/\/lni11062011.es\/damira\/wp-json\/wp\/v2\/users\/1"}],"replies":[{"embeddable":true,"href":"https:\/\/lni11062011.es\/damira\/wp-json\/wp\/v2\/comments?post=4579"}],"version-history":[{"count":0,"href":"https:\/\/lni11062011.es\/damira\/wp-json\/wp\/v2\/pages\/4579\/revisions"}],"up":[{"embeddable":true,"href":"https:\/\/lni11062011.es\/damira\/wp-json\/wp\/v2\/pages\/17217"}],"wp:attachment":[{"href":"https:\/\/lni11062011.es\/damira\/wp-json\/wp\/v2\/media?parent=4579"}],"curies":[{"name":"wp","href":"https:\/\/api.w.org\/{rel}","templated":true}]}}